 -10*v**3 - v**2 - 2*v + 3. Let w(r) = r**3 + r**2 + 2*r. Let a(i) = -3*w(i) - y(i). Calculate a(-2).
-59
Let f(a) = 3435*a + 65 - 6877*a + 3420*a. What is f(6)?
-67
Suppose 215 + 856 = -119*o. Let r(w) be the first derivative of w**4/4 + 3*w**3 - 8*w - 6. Calculate r(o).
-8
Let c(i) be the first derivative of i - 1/2*i**2 - 52 + 4/3*i**3 - 1/4*i**4. Determine c(4).
-3
Let z(v) = -124*v + 109*v - 32 + 15 + 14. Give z(-1).
12
Let o(h) be the first derivative of 2/3*h**3 + 67 + 0*h - 1/2*h**2. Give o(1).
1
Let g(j) be the third derivative of -j**5/30 + 19*j**4/8 - 11*j**3/3 - 125*j**2. Let x be g(28). Let n(z) = z**2 - 5*z - 4. Calculate n(x).
2
Let k(s) be the second derivative of 7/2*s**2 + 10*s + 0 + 1/6*s**3. Suppose -5*u + 6 = 21. What is k(u)?
4
Let i(b) = -b**3 - 26*b**2 - 168*b - 72. Let c be i(-10). Let a(x) be the first derivative of -x + 1/2*x**2 - c. What is a(9)?
8
Suppose -10*x = -22822 + 22782. Let s(l) = -14*l + 49. Calculate s(x).
-7
Let j(d) = d**2. Let f(z) = -4*z**2 - 5*z - 4. Let n(h) = -f(h) - 5*j(h). Suppose 8 = t - q, -5*t + 4*q = q - 32. Let o be t/(-1) + (-2 - -14) + -4. Give n(o).
8
Let a(j) = -1129*j**2 + j - 6 + 26 + 1151*j**2 + j**3. Determine a(-22).
-2
Let q(o) = -o**3 + 7*o**2 + 4*o - 1. Suppose 0 = m + 5*l + 13, -1686*m + 1687*m - l = 11. Determine q(m).
27
Let w(d) be the second derivative of -d**5/40 - 7*d**4/24 + 16*d**3/3 + d - 21. Let u(b) be the second derivative of w(b). Give u(-6).
11
Let m(f) = f**2 - 4. Suppose -13 = -19*g + 25. Suppose -g*l = -94 + 100. Give m(l).
5
Let q(c) be the third derivative of 1/24*c**4 + 0 + 1/2*c**3 + 0*c + 4*c**2. Suppose 287*u - 235*u + 312 = 0. Determine q(u).
-3
Suppose 18 = -3*g, 6*r - 8*r = -4*g - 30. Let y(l) = 29*l + 2. Determine y(r).
89
Let n(m) = -m**3 + 4*m**2 + 5*m - 5. Suppose 5*c + 196 = -2*c. Let a be (-6)/8 + 63/c. Let q = 8 + a. Determine n(q).
-5
Let z(l) = -16*l**2 - l + 39. Let x(o) = 11*o**2 + 4*o - 39. Let s(u) = -3*x(u) - 2*z(u). Calculate s(-15).
-36
Let l(v) = 9*v**2 - 17*v - 19. Let q(r) = 5*r**2 - 9*r - 9. Let i(j) = 6*l(j) - 11*q(j). Let y(b) be the first derivative of i(b). Calculate y(-5).
7
Let a(i) = i**2 + 5. Let t be a(0). Suppose 0 = 5*x + 2*f - 30, t*x - 70 = f - 25. Let s(j) = 5*j - 2 + x*j**2 - 7*j**2 + 0. Calculate s(-7).
12
Let t(b) = -2*b**2 + 8*b. Let g(a) = a + 1. Suppose -3*h + 2*h = 3. Let j(k) = h*g(k) + t(k). Determine j(3).
-6
Let j(x) = -4 - 61*x**3 + 1 - 54*x**3 + 2*x**2 - 4*x**2 - 3*x + 111*x**3. Give j(-2).
27
Let l(q) be the first derivative of 0*q - 1/6*q**3 - 27 + 1/12*q**4 + 9/2*q**2. Let a(p) be the second derivative of l(p). Calculate a(2).
3
Let q = 32445 + -32437. Let b(t) = t**2 - 15*t + 58. What is b(q)?
2
Let j be (28/(-2) - -5)*6/9. Let m be (-792)/(-96) - j/8. Let b(x) = 7 + 3*x - 2*x - 2*x. Calculate b(m).
-2
Suppose 0 = -4*z - 5*p - 60, 0 = -z + 4*p + 5 + 1. Let y be (-85)/z - 7/14. Let w(t) = -2*t + 16. Determine w(y).
0
Let h = -560 - -565. Let l(u) = 5*u + 2*u**2 - 2*u + 1 - 9*u - h*u**2. Calculate l(-5).
-44
Let o(u) = 11*u**2 + 6*u - 4. Suppose -2*d = -d + 2*n + 3, -5*d - 15 = 2*n. Give o(d).
77
Let j(z) be the first derivative of -z**4/12 - z**3/2 + 5*z**2/2 - 24. Let m(n) be the second derivative of j(n). Give m(-2).
1
Let p(q) = 1902*q - 45626. Let m be p(24). Let c(x) = -8*x**2 + 27 - 17*x**2 - x + x**3 + 3*x**2. Give c(m).
5
Let m(c) = 22*c + 268. Let z = -10840 + 10828. Determine m(z).
4
Let a(i) = i - 124. Let d(p) = -2*p + 229. Let b(c) = 9*a(c) + 5*d(c). Calculate b(-9).
38
Let x(r) = -r + 7. Suppose 4*j + 30 = -2*f, 22*j - 21*j - 30 = 2*f. Let b be (-8 + (11 - 8))*(-9)/f. Calculate x(b).
10
Let j(a) be the first derivative of -a**3/3 - 3*a**2/2 + 4*a + 113. Determine j(3).
-14
Let m(t) = -3*t - 10*t - 9*t + 18 - 5 + 16*t. Calculate m(4).
-11
Let u(j) = -j**2 + 2*j - 3. Let t be (-3)/(1 - 0) - (-11 + 7). Let a be t/3 - (-3)/(-9). Suppose -3 = f + 5*d, -4*d + 0*d = a. Give u(f).
-18
Suppose -29*a - 30 = -35*a. Let g(v) = -8*v**2 + 6*v - 4. Let z(j) = 2*j**2 - j + 1. Let r(x) = a*z(x) + g(x). Determine r(-1).
2
Let b(y) = -y - 20. Suppose -3*p = 199 - 211, q - 18 = -4*p. Calculate b(q).
-22
Let x(k) = 8*k**2 - 4*k**2 - 5*k**2 - 8*k - 5 + 2 - 2*k. Let m = -26 + 16. Determine x(m).
-3
Let m = 55 + -57. Let n(c) = -4*c**2 - 4*c + 7. Let t(p) = 5*p**2 + 4*p - 8. Suppose 8*o = 2 - 26. Let g(u) = m*t(u) + o*n(u). What is g(-4)?
11
Let o(d) be the first derivative of 3*d**2 + 12*d + 1068. Calculate o(1).
18
Let m(g) = -g. Let a(u) = -u**2 - 5*u + 3. Suppose 3*k + 4 = s, -5*s + 166*k = 162*k - 9. Let h = 7 + -10. Let n(z) = h*m(z) + s*a(z). Calculate n(-5).
-12
Suppose 2061*z - 2043*z = 0. Let t(f) be the first derivative of 1/2*f**2 - 2*f**4 - 2/3*f**3 - 25 + z*f. What is t(1)?
-9
Let z(j) = 7*j. Let x = -15987 - -15990. What is z(x)?
21
Suppose 0 = 4*v - 8*v + 160. Let g = -34 + v. Let o(y) = 13*y**3 - 6*y**2 - 5*y + 5. Let h(l) = 2*l**3 - l. Let c(u) = 6*h(u) - o(u). Determine c(g).
-11
Let k(z) = -z**2 - 10*z - 23. Suppose -5*i = -3*b + 15, 4*b - 11 = 5*i - 1. What is k(i)?
1
Let v(x) = x**3 - 3495*x + 1731*x + 2*x**2 + 1763*x. Determine v(1).
2
Suppose -13*v + 30 = 2*v. Let l(t) = t + 3*t**v + 9*t**3 + 4*t**2 - 1 - 7*t**2. What is l(1)?
9
Let i(q) = -2*q**2 - 6*q + 11. Suppose 0 = 4*n - 186*p + 187*p - 10, -13 = -n + 5*p. Calculate i(n).
-25
Suppose -h = -2*c + 218, -5*c - 6*h + 545 = -10*h. Let t = -112 + c. Let z(v) = v + 1. Calculate z(t).
-2
Let a(s) = -107*s - 853. Let i be a(-8). Let u(l) = -2*l**3 - 2*l**2 + 2*l + 2. Determine u(i).
-64
Let z = 16526 - 16521. Let y(m) = 2*m - 5. Give y(z).
5
Let m(l) = 774*l**2 + 461*l**2 - 1233*l**2 - 2*l - 3. Give m(5).
37
Let v(l) = 71*l**2 + 3 - 274*l**2 + 65*l**2 + 68*l**2 + 8*l + 69*l**2. Suppose -24 = -4*c - 4*i, -c + 30 = 4*c + 4*i. Give v(c).
15
Let c = -210 - -212. Let j(a) = -22 + 16 + a**3 + 1093*a + 6*a**c - 1092*a. Give j(-5).
14
Suppose 0 = 10316*m - 10325*m - 153. Let h(q) = 3*q + 1. What is h(m)?
-50
Let k(p) = -5*p - 5*p + p + 17 + 7*p + 21. Let s be k(20). Let b(i) = -i - 3. Let l(t) = -t - 7. Let x(q) = 5*b(q) - 2*l(q). Calculate x(s).
5
Let h(k) be the second derivative of -k**3/6 - 21*k**2/2 - 853*k - 1. What is h(-13)?
-8
Let z(a) be the second derivative of -a**4/12 - 11*a**3/2 + 63*a**2/2 + 54*a - 1. Calculate z(-35).
-7
Let d be 2 + (-7 - (-24 - -11)). Let s(w) = 2*w - 19. Let g(b) = 1. Let c(q) = -6*g(q) + s(q). Let y be c(d). Let v(h) = h**2 + 8*h + 1. Determine v(y).
10
Let r(j) = -7*j + 14. Let f(q) = -9*q + 21. Let w(k) = -4*f(k) + 5*r(k). Give w(13).
-1
Let a(l) be the third derivative of -16*l**2 + 1/8*l**4 + 0 + 0*l**3 + 0*l. Let t(v) = 48*v. Let g(r) = 33*a(r) - 2*t(r). Calculate g(-2).
-6
Let l be (-3)/((-6)/8) - -28. Let b = 34 - l. Let v(o) = 165 + 3*o - 163 + o**b + 0*o**3 + o**3 - 6*o**2. Give v(4).
-2
Let h(x) = -x**3 + 7*x**2 - 7*x. Let d(q) = -2*q + 64. Let y be d(29). Let l be h(y). Let n(i) = -i**2 - 2*i + 7. Determine n(l).
-17
Let z(p) = -475*p + 21. Let k(t) = 407*t - 17. Let j(f) = 7*k(f) + 6*z(f). Let h(r) = -r**3 + 7*r**2 + 8*r. Let o = -1 + 9. Let y be h(o). Determine j(y).
7
Let a(g) = g + 1. Let m(w) = 44*w + 5 + 42*w - 79*w. Let b(o) = 6*a(o) - m(o). Let h(v) = -v**3 - 8*v**2 - 13*v - 11. Let u be h(-6). Give b(u).
6
Let d(i) = 18*i - 128. Suppose -5*s + 31 = r, -2*s + 2 = 7*r - 17*r. What is d(s)?
-20
Suppose 2*f + 2 = -10. Let l(j) be the first derivative of 2*j**2 + 8*j + 1425. Determine l(f).
-16
Let j(k) = -30*k + 11*k**2 - 15*k**2 - 30 - 26. Let z be j(-2). Let g(m) = -m**3 - 13*m**2 - 13*m - 4. What is g(z)?
8
Let a(w) = w**3 + 16*w**2 + 12*w - 15. Let d(n) = n**3 + 16*n**2 + 55*n - 15. Let y be d(-11). Give a(y).
30
Let s(d) = -20893*d - 20864*d - 20887*d + 193 + 62670*d. Calculate s(-7).
11
Let o(t) be the second derivative of t**5/20 + 2*t**4/3 + 7*t**3/6 + 23*t**2/2 + 2182*t. Give o(-8).
-33
Let w(o) = -61*o**3 + 29*o**2 + 17*o + 28. Let t(h) = -6*h**3 + 2*h**2 + h + 1. Let s(n) = 10*t(n) - w(n). Determine s(10).
12
Let b(l) = -4*l - 1. Let q(v) = -v**2 - 11*v + 107. Let w be q(6). Let c be (5/2)/(w/20). What is b(c)?
-41
Let i(z) = -5*z**3 + 15*z**2 - 24*z - 13. Let k(h) = -2*h**3 + 8*h**2 - 12*h - 6. Let v(l) = -3*i(l) + 7*k(l). Suppose 2249 = -368*j - 2167. What is v(j)?
-3
Let c(g) = -